{"id":8,"date":"2014-02-08T18:20:04","date_gmt":"2014-02-08T17:20:04","guid":{"rendered":"http:\/\/www.escursioninatura.it\/?page_id=8"},"modified":"2023-06-14T12:28:40","modified_gmt":"2023-06-14T10:28:40","slug":"il-territorio-del-verbano-cusio-ossola","status":"publish","type":"page","link":"http:\/\/www.escursioninatura.it\/?page_id=8","title":{"rendered":"IL TERRITORIO DEL VERBANO CUSIO OSSOLA"},"content":{"rendered":"<p style=\"text-align: justify;\"><span style=\"color: #000000;\">Della provincia del VCO, detta anche e pi\u00f9 spesso provincia di Verbania, la cittadina-capoluogo adagiata sulla sponda piemontese del Lago Maggiore, due sono le caratteristiche principali. <\/span><\/p>\n<p style=\"text-align: justify;\"><span style=\"color: #000000;\">La prima \u00e8 che in un breve spazio convivono ambienti naturali e umani molto diversi tra loro. Non esiste un altro luogo cos\u00ec in Europa. Infatti, ci sono meno di 20 km in linea d&#8217;aria tra il Lago Maggiore (il massimo della vivibilit\u00e0) e il Monte Rosa (il massimo dell&#8217;invivibilit\u00e0). Se il Lago Maggiore rappresenta spesso l&#8217;armonica integrazione tra uomo e natura (ville signorili, parchi e giardini favolosi di elevato pregio botanico) e un clima mite detto &#8220;insubrico&#8221;, il Monte Rosa \u00e8 il Regno delle altezze vertiginose e glaciali: essa \u00e8 la seconda montagna d&#8217;Europa (4634 m) e l&#8217;unica di tutto il continente a presentare una parete di dimensioni himalayane! Un ambiente di roccia e ghiaccio, che pu\u00f2 essere frequentato solo occasionalmente dall&#8217;uomo.<\/span><\/p>\n<p style=\"text-align: justify;\"><span style=\"color: #000000;\">La seconda caratteristica di questa provincia \u00e8 che si tratta di una terra incuneata nella Svizzera e da millenni svolge un ruolo internazionale di collegamento tra il Sud e il Nord del continente europeo. Questo \u00e8 stato possibile tramite i numerosi valichi e passi alpini (uno su tutti il passo del Sempione) che da sempre caratterizzano i confini provinciali, specialmente quelli occidentali e settentrionali: nel corso della Storia \u00e8 stato un continuo passaggio di persone, animali, merci, avvenimenti e idee.<\/span><\/p>\n<p style=\"text-align: justify;\"><span style=\"color: #000000;\">Un altro punto di inestimabile valore e importanza \u00e8 la storia di tutela della Natura che possiede questo territorio! <\/span><\/p>\n<p style=\"text-align: justify;\"><span style=\"color: #000000;\">Basti pensare alla creazione dell&#8217;Oasi Faunistica di Macugnaga che permise la reintroduzione dello stambecco (con successiva espansione della specie anche in altre valli della provincia) e all&#8217;istituzione del primo parco naturale regionale del Piemonte (Alpe Veglia e successivamente Alpe Devero). Negli anni novanta furono istituite anche le Riserve Naturali Speciali presso i Sacri Monti della zona (divenuti Patrimonio Mondiale dell&#8217;Umanit\u00e0) e soprattutto Il Parco Nazionale della Val Grande, al quale \u00e8 riconosciuto l&#8217;appellativo di area selvaggia pi\u00f9 grande d&#8217;Italia!<\/span><\/p>\n<p style=\"text-align: justify;\"><span style=\"color: #000000;\">Attualmente le aree protette del Verbano Cusio Ossola sono una realt\u00e0 vitale del territorio: proteggono la Natura, offrono servizi, promuovono ricerca scientifica e producono lavoro.<\/span><\/p>\n<p style=\"text-align: justify;\"><span style=\"color: #000000;\">Ad oggi, in provincia, le aree protette sono ben 10, tra Parchi, Riserve ed Oasi, affiancate da Rete Natura 2000, una vasta rete di aree di protezione (SIC e ZPS destinate a confluire nelle ZSC) a livello europeo, regolamentate da direttive e normative comunitarie volte a\u00a0fermare la distruzione degli habitat naturali e semi-naturali e a salvaguardare\u00a0le specie rare o in via d&#8217;estinzione.\u00a0Ben il 38 % del territorio provinciale \u00e8 caratterizzato da queste aree di protezione! Dalla grande e ricresciuta foresta della Val Grande, alle luminose praterie alpine, dalle delicate zone umide dei laghi e delle montagne alle maestose alte quote delle Alpi! Un territorio meraviglioso e mai banale, caratterizzato dalla presenza, in alcune vallate, di comunit\u00e0 umane (oramai esigue) appartenenti alla Cultura-Civilt\u00e0 Walser: il popolo della montagna per eccellenza, che nel corso dei secoli, \u00e8 stata capace di vivere stabilmente sulle Alpi, ad alta quota, come nessuno aveva mai fatto.<\/span><\/p>\n<p style=\"text-align: justify;\"><span style=\"color: #000000;\">Un territorio che nel suo lontano passato ha visto anche insediamenti preistorici e poi celtici che hanno lasciato suggestive testimonianze osservabili in alcune localit\u00e0 e nei musei archeologici della zona.<\/span><\/p>\n<p style=\"text-align: justify;\"><span style=\"color: #000000;\">Un territorio quindi tutto da scoprire, ammirare e amare con Rispetto!<\/span><\/p>\n","protected":false},"excerpt":{"rendered":"<p>Della provincia del VCO, detta anche e pi\u00f9 spesso provincia di Verbania, la cittadina-capoluogo adagiata sulla sponda piemontese del Lago Maggiore, due sono le caratteristiche principali. La prima \u00e8 che in un breve spazio convivono ambienti naturali e umani molto &hellip; <a href=\"http:\/\/www.escursioninatura.it\/?page_id=8\">Continua a leggere<span class=\"meta-nav\">&rarr;<\/span><\/a><\/p>\n","protected":false},"author":1,"featured_media":0,"parent":0,"menu_order":7,"comment_status":"open","ping_status":"open","template":"","meta":[],"_links":{"self":[{"href":"http:\/\/www.escursioninatura.it\/index.php?rest_route=\/wp\/v2\/pages\/8"}],"collection":[{"href":"http:\/\/www.escursioninatura.it\/index.php?rest_route=\/wp\/v2\/pages"}],"about":[{"href":"http:\/\/www.escursioninatura.it\/index.php?rest_route=\/wp\/v2\/types\/page"}],"author":[{"embeddable":true,"href":"http:\/\/www.escursioninatura.it\/index.php?rest_route=\/wp\/v2\/users\/1"}],"replies":[{"embeddable":true,"href":"http:\/\/www.escursioninatura.it\/index.php?rest_route=%2Fwp%2Fv2%2Fcomments&post=8"}],"version-history":[{"count":12,"href":"http:\/\/www.escursioninatura.it\/index.php?rest_route=\/wp\/v2\/pages\/8\/revisions"}],"predecessor-version":[{"id":341,"href":"http:\/\/www.escursioninatura.it\/index.php?rest_route=\/wp\/v2\/pages\/8\/revisions\/341"}],"wp:attachment":[{"href":"http:\/\/www.escursioninatura.it\/index.php?rest_route=%2Fwp%2Fv2%2Fmedia&parent=8"}],"curies":[{"name":"wp","href":"https:\/\/api.w.org\/{rel}","templated":true}]}}

<p style="text-align: justify;"><span style="color: #000000;">Della provincia del VCO, detta anche e più spesso provincia di Verbania, la cittadina-capoluogo adagiata sulla sponda piemontese del Lago Maggiore, due sono le caratteristiche principali. </span></p>
<p style="text-align: justify;"><span style="color: #000000;">La prima è che in un breve spazio convivono ambienti naturali e umani molto diversi tra loro. Non esiste un altro luogo così in Europa. Infatti, ci sono meno di 20 km in linea d&#8217;aria tra il Lago Maggiore (il massimo della vivibilità) e il Monte Rosa (il massimo dell&#8217;invivibilità). Se il Lago Maggiore rappresenta spesso l&#8217;armonica integrazione tra uomo e natura (ville signorili, parchi e giardini favolosi di elevato pregio botanico) e un clima mite detto &#8220;insubrico&#8221;, il Monte Rosa è il Regno delle altezze vertiginose e glaciali: essa è la seconda montagna d&#8217;Europa (4634 m) e l&#8217;unica di tutto il continente a presentare una parete di dimensioni himalayane! Un ambiente di roccia e ghiaccio, che può essere frequentato solo occasionalmente dall&#8217;uomo.</span></p>
<p style="text-align: justify;"><span style="color: #000000;">La seconda caratteristica di questa provincia è che si tratta di una terra incuneata nella Svizzera e da millenni svolge un ruolo internazionale di collegamento tra il Sud e il Nord del continente europeo. Questo è stato possibile tramite i numerosi valichi e passi alpini (uno su tutti il passo del Sempione) che da sempre caratterizzano i confini provinciali, specialmente quelli occidentali e settentrionali: nel corso della Storia è stato un continuo passaggio di persone, animali, merci, avvenimenti e idee.</span></p>
<p style="text-align: justify;"><span style="color: #000000;">Un altro punto di inestimabile valore e importanza è la storia di tutela della Natura che possiede questo territorio! </span></p>
<p style="text-align: justify;"><span style="color: #000000;">Basti pensare alla creazione dell&#8217;Oasi Faunistica di Macugnaga che permise la reintroduzione dello stambecco (con successiva espansione della specie anche in altre valli della provincia) e all&#8217;istituzione del primo parco naturale regionale del Piemonte (Alpe Veglia e successivamente Alpe Devero). Negli anni novanta furono istituite anche le Riserve Naturali Speciali presso i Sacri Monti della zona (divenuti Patrimonio Mondiale dell&#8217;Umanità) e soprattutto Il Parco Nazionale della Val Grande, al quale è riconosciuto l&#8217;appellativo di area selvaggia più grande d&#8217;Italia!</span></p>
<p style="text-align: justify;"><span style="color: #000000;">Attualmente le aree protette del Verbano Cusio Ossola sono una realtà vitale del territorio: proteggono la Natura, offrono servizi, promuovono ricerca scientifica e producono lavoro.</span></p>
<p style="text-align: justify;"><span style="color: #000000;">Ad oggi, in provincia, le aree protette sono ben 10, tra Parchi, Riserve ed Oasi, affiancate da Rete Natura 2000, una vasta rete di aree di protezione (SIC e ZPS destinate a confluire nelle ZSC) a livello europeo, regolamentate da direttive e normative comunitarie volte a fermare la distruzione degli habitat naturali e semi-naturali e a salvaguardare le specie rare o in via d&#8217;estinzione. Ben il 38 % del territorio provinciale è caratterizzato da queste aree di protezione! Dalla grande e ricresciuta foresta della Val Grande, alle luminose praterie alpine, dalle delicate zone umide dei laghi e delle montagne alle maestose alte quote delle Alpi! Un territorio meraviglioso e mai banale, caratterizzato dalla presenza, in alcune vallate, di comunità umane (oramai esigue) appartenenti alla Cultura-Civiltà Walser: il popolo della montagna per eccellenza, che nel corso dei secoli, è stata capace di vivere stabilmente sulle Alpi, ad alta quota, come nessuno aveva mai fatto.</span></p>
<p style="text-align: justify;"><span style="color: #000000;">Un territorio che nel suo lontano passato ha visto anche insediamenti preistorici e poi celtici che hanno lasciato suggestive testimonianze osservabili in alcune località e nei musei archeologici della zona.</span></p>
<p style="text-align: justify;"><span style="color: #000000;">Un territorio quindi tutto da scoprire, ammirare e amare con Rispetto!</span></p>

<p>Della provincia del VCO, detta anche e più spesso provincia di Verbania, la cittadina-capoluogo adagiata sulla sponda piemontese del Lago Maggiore, due sono le caratteristiche principali. La prima è che in un breve spazio convivono ambienti naturali e umani molto &hellip; <a href="http://www.escursioninatura.it/?page_id=8">Continua a leggere<span class="meta-nav">&rarr;</span></a></p>
